s the tens digit of j(y)?
2
Let g = 5 - 2. Suppose 5*j = 3*u, u = -5*j + g*u + 5. Suppose -j*d = 2*d - 75. What is the units digit of d?
5
Let t be ((-1)/2)/((-1)/24). Let d = -8 + 4. Let a = t + d. What is the units digit of a?
8
Let f(v) = -v**2 + 7*v - 6. Let d be f(4). Suppose -2*m + 40 = -d. What is the tens digit of m?
2
Suppose 0 = a - 115 + 37. What is the units digit of a?
8
Let y be (-6 + 9)*(-19)/(-3). Suppose -49 = -3*p + h, 0 = -5*p - h + y + 68. What is the tens digit of p?
1
Suppose 0*w = -w - 2. Let p(t) = 5*t**2. Let k(n) = 6*n**2. Let z(s) = -4*k(s) + 5*p(s). What is the units digit of z(w)?
4
Let k(g) = -g**3 - 3*g**2 - g - 2. Let n be k(-4). Suppose -2*p - 4*a = -26, -4*p + 28 = 5*a - n. What is the units digit of p?
9
Suppose -4*y = -5*j - 14, -3*y + 26 = -0*y + 4*j. Let o be 2/2 - 1/(-1). What is the units digit of o*1*y/4?
3
What is the units digit of (0 + 3)*(-33)/9*-1?
1
Suppose 0 = -5*z + 5*r - 0*r + 5, -4*r = 0. Let j be (-2)/5 + 8/20. Suppose h - 2 = -2*b, -2*b - 4*h - 3 - z = j. What is the units digit of b?
2
Let j = -11 - -18. Suppose -j + 41 = 2*v. What is the units digit of v?
7
Let x(u) = -2*u + 1. Let y be x(-1). Suppose 2*r = 2*j - 28, 5*j + 3*r = y + 35. What is the tens digit of j?
1
Let o be ((-65)/10)/((-1)/(-2)). Let a(g) = -2*g. Let t be a(1). Let m = t - o. What is the units digit of m?
1
Let o = 1 + -1. Suppose -d = -5*h - 5, 4*h + o*d = -d + 5. Suppose h*f - f + 13 = 0. What is the units digit of f?
3
Let g(s) = s**3 - 5*s**2 - 11*s + 1. What is the tens digit of g(7)?
2
Suppose -11 = -4*i + p, 2*i - 3*p + 0*p - 13 = 0. Suppose 15 - i = q. What is the tens digit of q?
1
Let a(g) = -8*g - 2. What is the units digit of a(-2)?
4
What is the units digit of 3/((-90)/(-266)) + 2/15?
9
Suppose -5*x + 223 + 87 = -a, 5*x - 4*a - 310 = 0. What is the units digit of x?
2
Let w = 4 - 6. Let l = 4 + w. What is the units digit of l/10 + (-72)/(-15)?
5
Let a = 10 + -7. Let t be (-69)/(-2) + a/(-2). Suppose -9 = -3*o, 10*u + o - t = 5*u. What is the units digit of u?
6
What is the units digit of 1 + (-106 - -3)/(-1)?
4
Suppose 8 = 2*m + 4, 2*o = 2*m. Suppose 2*s = -o*s + 28. What is the units digit of s?
7
Suppose 0 = f + f - 6. Suppose l - 10 = -0. What is the units digit of (2 + l)*(f - 2)?
2
Let u = -4 + 9. Let y be (3 - 1)*(-1 + 0). Let l = u - y. What is the units digit of l?
7
Let x(o) = o**3 + 6*o**2 + 4*o - 1. Let t be x(-5). Suppose 33 = -t*m - 5*y, 2*y = -0*y - 10. Let q = m - -5. What is the units digit of q?
3
Let b(c) = -7 - c + 1 + 0. Let y be b(0). What is the units digit of (-1)/(-1) - (y + 0)?
7
Suppose 5*d = u - 146, -u + 710 = 4*u - 5*d. What is the tens digit of u?
4
Let j(n) = -n**3 - n**2 - n + 12. Let r be j(0). What is the tens digit of 86/8 + 3/r?
1
Let s = 5 - 9. Let h = -3 - s. Let a = 7 + h. What is the units digit of a?
8
Suppose 0*n - 6 = -3*n. Suppose -17 = -4*t + l, -4 = -n*t + 2*l - 0*l. Suppose v = t - 1. What is the units digit of v?
4
Let f(v) = 15*v**2 + v - 2*v - 14*v**2. What is the units digit of f(-1)?
2
Let j be 2 + (-3 - -1) + 6. Let d(o) = 19*o - 2. Let n(v) = -9*v + 1. Let a(h) = -6*d(h) - 13*n(h). What is the units digit of a(j)?
7
Suppose -2*v - 3*q + 165 = 0, v = -v - 4*q + 160. What is the tens digit of v?
9
Let s = 265 - 147. Let m = s + -76. What is the tens digit of m?
4
Suppose 4 = 3*m + 16, -4*m = 2*n. Let t(h) be the second derivative of -h**3/6 + 11*h**2/2 - h. What is the units digit of t(n)?
3
Let i = -32 - -71. Suppose 3*r = -f + 34, 4*r - 5*f - i = -0*r. What is the units digit of r?
1
Suppose -2*a + 4*b = -182, 2*a + 85 = 3*a - 4*b. Let k = a - 44. Suppose k = 5*j - 4*w, -3*j - w = w - 23. What is the units digit of j?
9
Suppose 5 = -3*w + 4*w. Suppose w*s = -0*s + 25. What is the units digit of s?
5
What is the units digit of (-8)/(3 + -5) - -31?
5
Suppose 12 = 5*t - 8. Let z = t - 3. What is the units digit of z?
1
Let n = -77 + 276. What is the units digit of n?
9
Let q(z) = z**2 - 2*z. Let b be q(2). Suppose 0 = -4*f + 2*f. Suppose -2*l - o = -b*o - 4, -l + 5*o - 9 = f. What is the units digit of l?
1
Suppose -s + 7 = 3*j, 3*j - 4*j + 9 = -3*s. Let y = -30 + 20. Let n = s - y. What is the units digit of n?
8
Suppose 0 = -4*z - 0*q - 5*q - 18, 4*z - 5*q = 2. Let u be (0 + z)/(2/(-4)). What is the units digit of u/(-3)*2*-3?
8
Let a(y) = -y**3 - 10*y**2 + 10*y - 10. Let x be a(-11). What is the tens digit of ((-133)/28)/(x/(-4))?
1
Let a be 35/(-5)*(-156)/14. Suppose 3*m - 69 = -4*p, -p - m = 4*p - a. What is the tens digit of p?
1
Suppose w = -2*h, -4*h - 4*w - 22 = -7*h. Suppose -28 = -2*n - h*n. What is the units digit of n?
7
Let c(b) = -b**3 - 6*b**2 - 7*b - 6. Let g be c(-5). Suppose 0 = -8*y + g*y - 12. Let d(l) = l**2 - 4. What is the units digit of d(y)?
5
What is the units digit of 26*18/8*24/18?
8
Suppose 0*o - 22 = -o. Let u = o + -13. What is the tens digit of 2/6 - (-87)/u?
1
Let p be (-9)/(-24)*-2*-20. Suppose n = -i + p + 6, 83 = 4*i + 5*n. Let d = -12 + i. What is the units digit of d?
0
Suppose -2*f + 3 = -3*l - 0*l, -f + 5*l - 2 = 0. Let o = -3 + f. Suppose o = -0*n - 5*n + 15. What is the units digit of n?
3
What is the tens digit of (-3)/2*(-400)/30?
2
Let p(b) = 2 + 13*b + 1 - 8*b - 4. Let u be p(5). Suppose u - 7 = 3*j + z, -4*j - 5*z = -8. What is the units digit of j?
7
Let d(z) = z**3 + 13*z**2 + 7*z - 8. What is the units digit of d(-12)?
2
Let k(x) = 2*x**2 - x + 31. What is the hundreds digit of k(13)?
3
Let m = 80 + 248. What is the tens digit of m?
2
Suppose i = m - 3*m, 0 = m - 5*i + 11. What is the tens digit of (1 + (-10)/m)*1?
1
Let v(m) = -m**3 + 4*m + 6*m - m + 11 - 1 + 7*m**2. What is the tens digit of v(8)?
1
Let l = -1 - -2. Suppose 3*s - 4*j + 0 = -7, -3*s - l = 2*j. What is the units digit of -2 + 4 - (1 + s)?
2
Let j be 47*(-5)/(-25)*5. Let r be 42/9 - 1/(-3). Suppose -r*i = -13 - j. What is the tens digit of i?
1
Let m(b) = 2*b - 6. Let z be m(4). Suppose z*s = -31 - 11. What is the units digit of s*(39/(-21) - -1)?
8
What is the units digit of 7 + -10 + 40/1?
7
What is the tens digit of 108/((-6)/3)*5/(-2)?
3
Suppose -19 + 4 = 5*x, -5*x + 179 = m. What is the hundreds digit of m?
1
Let j(w) = -8*w**3 - 16*w**2 - 9*w - 5. Let n(f) = 2*f**3 + 4*f**2 + 2*f + 1. Let k(s) = -2*j(s) - 9*n(s). What is the units digit of k(-3)?
9
Let m(z) = -z**2 - 11*z + 7. Let h be m(-5). Let y = h - 15. What is the units digit of y?
2
Let v(u) = 9*u**2 + 2*u - 1. Let b be v(1). Suppose 6*z = 4*z + b. Suppose z = 3*x - 1. What is the units digit of x?
2
Suppose -24 - 5 = -o. What is the units digit of o - (-3)/(-1) - -1?
7
Suppose -26 + 83 = -3*p. Let x = 0 - p. Suppose -4*j = -13 - x. What is the units digit of j?
8
Let r(v) = -1. Let d(f) = f - 6. Let g(t) = d(t) - 2*r(t). What is the units digit of g(7)?
3
Suppose m + 31 - 89 = 0. What is the units digit of m?
8
Let t(d) = 38*d - 56. What is the units digit of t(10)?
4
Let u be 2/8 + 120/32. What is the units digit of ((-8)/6)/(u/(-18))?
6
Suppose 1 = -2*c + 3*x - 14, 5*c - 3*x + 15 = 0. Suppose -2*h - 2*a = h + 27, c = 4*h + 4*a + 40. Let f = -2 - h. What is the units digit of f?
5
Let s(n) = n - 5. Let f be s(8). Suppose 3*k = f*g + 33, -5*k + 9 = 2*g - 11. What is the units digit of k?
6
Let d(c) = c + 4*c + 4*c + c**2 + 6. Let u be d(-9). Suppose 3*x = 5*s - 0*x - 16, 3*x = -u. What is the units digit of s?
2
Let y be 0 - (-36 - (-2)/(-1)). Suppose 5*v + b = 101, 4*v = -v + 3*b + 117. Let f = y - v. What is the units digit of f?
7
Suppose j = -0*j, -5*n + 45 = 3*j. Let t(w) = 3*w + 2. What is the units digit of t(n)?
9
Suppose 3*l - 3*s = 45, -l + 5*l + 5*s - 105 = 0. Let n = l + 2. What is the units digit of n?
2
Let s be (-3 + (-10)/(-2))/2. What is the tens digit of (s + -3)/((-16)/352)?
4
Let m(u) = 2*u**2 - 15*u + 1. Let j be m(10). Let z = 87 - j. What is the tens digit of z?
3
Let n(j) = -2*j**2 + 13*j - 11. Let v be n(10). Let y = 1 + -3. What is the units digit of (y/6)/(3/v)?
9
Let a(j) = j**2 + 14*j + 17. Let d be a(-13). Suppose -85 = -5*y + d*c, y + y = -c + 21. What is the tens digit of y?
1
Let k(q) = 7*q**2 + 3*q + 1. Let d(m) = 11*m**2 + 5*m + 2. Let v(b) = -5*d(b) + 8*k(b). What is the tens digit of v(4)?
1
Suppose 0 = -4*j + j + 24. Let u be (-2)/8 - 